) = 2*z**2 - 4*z. Let q be p(4). Let h = 16 - -22. Let w = h - q. What are the prime factors of w?
2, 11
Let s = 326 + -180. List the prime factors of s.
2, 73
Let j(y) = y**3 - 2*y**2 + 6*y - 2. What are the prime factors of j(6)?
2, 89
Let c = -1826 + 4396. List the prime factors of c.
2, 5, 257
Let j(o) = o**2 + 2*o + 9. Suppose 0 = 4*k - 3*h - 217, -2*h - 46 = -k + 12. Let m be k/(-10) - 8/10. List the prime factors of j(m).
3, 11
What are the prime factors of (1 - (1 - 11))/(41/5002)?
2, 11, 61
Let k = -12 - -16. Suppose -k*g = -152 - 68. Suppose g = 5*h - 5*f, 40 = 4*h - f - 4*f. List the prime factors of h.
3, 5
Suppose 0*s + 46276 = 46*s. List the prime factors of s.
2, 503
Let j be (-3)/7 - 153/(-63). Let k be (4 + 0 - j)/1. Suppose -77 - 45 = -k*o. What are the prime factors of o?
61
Suppose 5*a + 31 = 1. Let v = 36 + -32. What are the prime factors of 56/((-3)/(a/v))?
2, 7
Suppose 20*a + 34*a - 131544 = 0. What are the prime factors of a?
2, 3, 7, 29
Suppose -5*n + 3*q + 979 = 0, 767 = 4*n + 77*q - 74*q. List the prime factors of n.
2, 97
Let f = -30 + 32. List the prime factors of f*(-2)/12*-63.
3, 7
Suppose 4*b - 4*s = 232 + 912, 4*s = -4*b + 1144. List the prime factors of b.
2, 11, 13
Let r be (-4)/14 - 390/(-42). Let m be (-1 + 1)/(18/r). What are the prime factors of -1 + 1 + 17 + m?
17
Let o be ((-6)/1)/(4/(-2)). Suppose o*c - 156 - 84 = 0. What are the prime factors of c?
2, 5
Suppose -855*g + 60 = -843*g. Let p be (12/(-2))/(-1) + -1. Suppose 2*r = g + p. List the prime factors of r.
5
Let q = 4651 + -2637. What are the prime factors of q?
2, 19, 53
Let n(p) = 27*p - 1. Let z(l) = 53*l - 2. Let o(i) = 7*n(i) - 4*z(i). What are the prime factors of o(-1)?
2, 3
Suppose 948 = 5*f + p, 5*f + 5*p - 640 = 300. Suppose -f = -5*q + 255. What are the prime factors of q?
89
Let q(z) = -z**3 - 5*z**2 - z - 10. Let r be 6/5*(-10)/3. Let g be r/(-8) - (-13)/(-2). List the prime factors of q(g).
2
Let c(q) = -q**3 - q**2 + 12. Let n be c(0). Let y = 47 - n. What are the prime factors of y?
5, 7
Let s(o) be the first derivative of o**4/2 + o**2/2 + 3*o + 1. Let c(i) be the first derivative of s(i). What are the prime factors of c(2)?
5
What are the prime factors of 1/(-5) - (-85347)/135?
2, 79
Let y be ((-8)/(-28))/((-3)/(-42)). Suppose 28 = 3*n + 2*a, n = -y*a - 7 + 3. List the prime factors of n.
2, 3
Let a be (-161 + 2)*8/(-60)*-5. Let s = -74 - a. List the prime factors of s.
2
Let b(s) = -s**3 - 43*s**2 - 15*s + 123. What are the prime factors of b(-44)?
2719
Suppose g + 2*g - 93 = -2*a, 0 = -5*a + g + 224. Let n be 906/a + (-4)/30. List the prime factors of (35/n)/((-2)/(-16)).
2, 7
Let k(l) = -28*l + 174. What are the prime factors of k(-9)?
2, 3, 71
Let p = 1173 + 1498. List the prime factors of p.
2671
Suppose -2*g - 67 = 5*d, g = -2*d - 0*d - 32. Let s be 2/13 - (-160)/g. List the prime factors of s - -4 - (-3 + -8).
3
Suppose 4*z - 430 = -5*l, -4*z + 9*z - 344 = -4*l. What are the prime factors of l?
2, 43
Suppose 0 = 3*m - 4*m + 21. Let l be (-112)/m - (-2)/(-3). List the prime factors of l/(-4)*32/12.
2
Let h(d) = 2*d**3 + 24*d**2 - 44*d + 10. What are the prime factors of h(-13)?
2, 61
Suppose 0 = 3*g - m - 21, m + 24 = 5*g + 3*m. Suppose 13*i = g*i + 490. What are the prime factors of i?
2, 5, 7
Let w(r) = r**2 - r + 2. Let i be w(1). Suppose 5*h - 5*v = 425, -i*v + 107 = 2*h - 43. List the prime factors of h.
2, 5
Suppose 3*q - 8624 = 5*p, -785 = 3*q - 4*p - 9411. What are the prime factors of q?
2, 1439
Let i = 553 + -264. Suppose -3*d = -2*b + 293, d = -6*b + 4*b + i. List the prime factors of b.
5, 29
Suppose 5*b - 3*b = 906. What are the prime factors of b?
3, 151
Let k = -4 - -4. Suppose k = -l - 5 + 39. Let u = 62 - l. What are the prime factors of u?
2, 7
Let h be 7*(-3 + -1 + 3). Let j = h - -6. Let z(f) = -13*f. What are the prime factors of z(j)?
13
Let x(g) = 2*g**2 + 2*g - 6. Let o be x(-3). Suppose o = v + 4. Suppose -4*z + 7*s - 2*s = -41, 0 = v*z + 4*s + 12. What are the prime factors of z?
2
Let m = -629 - -1818. What are the prime factors of m?
29, 41
Suppose -2*k + 908 = -4*j, -13*k - 458 = -14*k + 3*j. List the prime factors of k.
2, 223
Let q = -150 + 1397. What are the prime factors of q?
29, 43
Suppose 0 = -3*n - 3*h + 5262, 5*n - 5114 = 4*h + 3674. What are the prime factors of n?
2, 439
Suppose -15870 = -26*m + 28278. What are the prime factors of m?
2, 3, 283
Suppose -4*t - l = 20, -7*t + 2*l = -3*t + 8. List the prime factors of 47 + -2*(t + 2).
3, 17
Suppose 0 = -4*y - v + 2409 - 778, -1646 = -4*y + 2*v. What are the prime factors of y?
409
Let n be 116/36 + 4/(-18). Suppose 2*r + 3*h - 147 = 0, -297 = n*r - 7*r - 5*h. List the prime factors of r.
2, 3, 13
Suppose -3*p = 7*p - 20. Suppose -z = p*z - 33. List the prime factors of z.
11
Suppose -2*t = u - 4670, -429 = 2*t + 3*u - 5095. List the prime factors of t.
2, 73
Suppose -4*o + 4858 = 10*o. What are the prime factors of o?
347
Let f(o) = -25*o - 28*o + 57*o. Let k be f(1). Suppose -k*u = 2*u - 318. What are the prime factors of u?
53
Let j(s) = -2*s**3 + 2*s**2 + 2*s. Let l be j(-2). Suppose 3*o - l - 4 = 0. Suppose -23 = -5*u - o. What are the prime factors of u?
3
Let k = -37 + 62. Suppose 0*z - 2*z + 18 = 2*n, k = 2*z - 5*n. Suppose 0 = -2*t + 7*t - z. What are the prime factors of t?
2
Let d(a) = -5*a**3 + a**2 - 3*a - 1. Let b be d(3). List the prime factors of -6*2/(-4) - b - -1.
2, 5, 7
Suppose 0 = x + 4*n - 20, 3*n - 26 = -2*x + 4. Suppose -x*d = -4*d - 1168. List the prime factors of d.
2, 73
Suppose -k + 8 = 3*k. Let m(u) = -6*u**2 - u + 1. Let d be m(k). Let q = -7 - d. What are the prime factors of q?
2, 3
List the prime factors of (27 - 9)*(-2)/(4/(-255)).
3, 5, 17
Let y = -4 - -8. Suppose -y*p - 17 = -189. Suppose -3*d - 95 = -5*z, -3*z - 5 = 2*d - p. What are the prime factors of z?
2
Let w = 2 - 5. Let u be w/(-18) - 211/6. List the prime factors of 10/u + 340/14.
2, 3
Let k(j) = 6*j**2 - 14*j + 13. Let o(u) = 5*u**2 - 14*u + 12. Let f(i) = -4*k(i) + 5*o(i). Let m be f(13). Let l = 10 - m. List the prime factors of l.
3, 5
Let f(x) = 3*x**3 - 14*x**2 + 2*x - 43. List the prime factors of f(8).
613
Let h be (-2992)/(-112) + (-2)/(-7). Suppose 1 = -2*s + h. Let g = -11 + s. What are the prime factors of g?
2
Suppose -183 - 27 = -14*n. What are the prime factors of n?
3, 5
Let a(d) = 7*d**3 - 8*d**2 - 2*d + 11. Let m(g) = 8*g**3 - 9*g**2 - 2*g + 12. Let z(c) = 4*a(c) - 3*m(c). List the prime factors of z(4).
2, 11
Suppose 0 = -10*h + 9*h + 67. Suppose 7*y - 8*y = -h. List the prime factors of y.
67
Suppose 66 = 3*p + q - 498, 0 = -5*p - 5*q + 950. What are the prime factors of p?
11, 17
Suppose -2*b - b = -3. Suppose 2*n - 6*n + 92 = -4*d, -3*d - 61 = 5*n. List the prime factors of 20 - b - (d - -21).
2, 5
Suppose -3*g + 2*m = -15, 3*g = -5*m + 5 + 10. Suppose -i = g*s + 17, 2*i + s - 6 = -4. Suppose i*x - 10 = 47. What are the prime factors of x?
19
Let s = 26 + -24. Suppose -t + 3*t + 55 = x, 0 = -2*x - s*t + 80. List the prime factors of x.
3, 5
Suppose 5*u - 5*o - 8932 = -62, 3*u - 5319 = 2*o. List the prime factors of u.
7, 11, 23
Let s be (4/28)/1 - (-125)/7. Suppose 0 = m + s - 140. What are the prime factors of m?
2, 61
Let x = -88 + 174. Suppose 0 = -2*y - 8 + x. What are the prime factors of y?
3, 13
Let n(g) = -g**2 + 1. Let c be n(0). Let z = c + 1. List the prime factors of z*1 - (-37 + 13).
2, 13
Suppose 18*h - 2706 = 12*h. What are the prime factors of h?
11, 41
Suppose -c - 4*r = -12, 5*c - c + 3*r - 22 = 0. Let p be 12*1/c*1. Suppose 108 = -p*f + 6*f. List the prime factors of f.
2, 3
Suppose 6 + 5 = r. Suppose -r = -4*b + 113. Let y = b + -6. What are the prime factors of y?
5
Let m(q) = 205*q**2 - 12*q + 34. What are the prime factors of m(3)?
19, 97
Let k(r) = 4*r**2 + 5*r + 9. Let q = 64 + -69. List the prime factors of k(q).
2, 3, 7
Let w = 126 - -150. What are the prime factors of w?
2, 3, 23
Let z be (0 - (-1 - -2)) + (-12)/(-2). Suppose 142 = 4*a - 4*d - 114, 0 = 2*a + z*d - 100. What are the prime factors of a?
2, 3, 5
Let r be (1 - 0)/((-5)/(-130)). Let o = -24 + r. Suppose o*u + 0*u - 18 = g, -2*g = -u + 3. What are the prime factors of u?
11
Let i(j) = -j**3 + 8*j**2 - 5*j - 8. Let u be i(7). Le